t k = c - -380. What is the tens digit of k?
6
Let d = 90 - 57. Suppose i = -2*i, -3*z = -i + d. Let h(t) = 2*t**2 + 21*t + 9. What is the tens digit of h(z)?
2
Let k(i) = -779*i + 5. Let f be k(-1). Suppose 0 = 2*o + g - 642, 0 = 3*o - g - f - 179. What is the tens digit of o?
2
Let q(k) = k**3 + 7*k**2 - 11*k - 3. Let p be q(-8). Let a be 14/p*6/(-4). What is the tens digit of a + (444/4 - -4)?
1
What is the hundreds digit of 6/30 - 772/16*364/(-35)?
5
Suppose 2*m + 5 = -4*n + 17, -3*m + 14 = 5*n. Let z(u) = 9*u - 6. Let s(r) = -28*r + 19. Let o(v) = 2*s(v) + 7*z(v). What is the units digit of o(n)?
4
Let d(x) = -2*x**2 + 4*x + 99. Let t be d(8). Suppose 2*u - t*i = 641, -72*u - 4*i - 960 = -75*u. What is the hundreds digit of u?
3
Suppose -80 = -4*f - 84. What is the hundreds digit of (780 - 13) + (f - -1 - 5)?
7
Suppose 48*q - 170338 - 417662 = 0. What is the thousands digit of q?
2
Let h(p) = -9*p - 54. Let g be h(-15). Let y = -9 + -1. What is the tens digit of g + (-4 - y - 4)?
8
Let v be ((-368)/28)/4 + (-4)/(-14). Let n = 119 - v. What is the tens digit of n?
2
Suppose -10*f + 19440 + 9949 = 5449. What is the hundreds digit of f?
3
Let a be (6/(-4) + 8/1)*6. Let x = a - 53. Let h = 48 + x. What is the tens digit of h?
3
Suppose 0 = 7*m - 12*m + 45. Let w = m + -5. Suppose w*l = 3*y - 21, 0*l + 3*l + 24 = 3*y. What is the tens digit of y?
1
Let j(v) = -10*v**2 - 7*v - 11*v**3 + 2*v**3 + 8*v**3 + 21. Let i be j(-9). Suppose -73 = -h - 4*l - l, 167 = 2*h + i*l. What is the units digit of h?
8
Let a(c) = -c**2 - 12*c - 6. Let w be a(-11). Let h be 7/14*(1 - w). What is the units digit of (1 - 22/h)*1?
2
Let n = 2539 + -423. What is the units digit of n?
6
Suppose -12390 = -18*m + 4*m. What is the units digit of m?
5
Let w(c) = 3*c**3 + 18*c**2 - 46*c - 27. What is the units digit of w(15)?
8
What is the units digit of (-20)/(-3 - 2) + 679?
3
Suppose -921 = -5*k + 529. Let x be (k - -5)*(-10)/25. What is the units digit of (-3 - x/10)*10?
8
What is the hundreds digit of 497/(-355) - (-13164)/10?
3
Let s(y) = -7*y - 50. Let t be s(-6). Let f(n) = 7*n**2 - 2*n + 11. What is the units digit of f(t)?
5
Let g(i) = i**2 + 8*i + 6. Let x be g(-8). Let s be (3/x)/(1/(-64)). Let v = 9 - s. What is the tens digit of v?
4
Suppose 3*w - 3*n - 14016 = 0, -5*w + n + 20270 = -3070. Suppose -p - 3840 = -4*h, -3*p + 1778 = -3*h + w. What is the hundreds digit of h?
9
Suppose 3*r + 36 = x + 7, 5*r + 53 = -3*x. What is the hundreds digit of (-1018)/1*5/r?
5
Let c(l) = l**3 - 11*l**2 - 7*l - 2. Let u be c(12). Let f = 61 - u. Suppose 42 = 2*d - 3*y, 0*d + f*d - 3*y = 57. What is the units digit of d?
5
What is the units digit of 7/35*5*109800/12?
0
Suppose 4*d - 26752 = 4*p, 189*d = 186*d - 2*p + 20054. What is the thousands digit of d?
6
Let w = -129 + 133. Suppose 3*u + 1370 = w*m, 2*m = 2*u - 201 + 885. What is the units digit of m?
4
Let d = 332 + -312. What is the hundreds digit of 563*4/d + 8/20?
1
Let n(a) = a**2 + 2*a + 1. Let f be n(1). Let h(x) = x**3 - 3*x**2 - 2*x - 4. Let i be h(4). Suppose i = 2*b - f. What is the units digit of b?
4
Let b be ((-17)/(-3) + -1)/(16/168). Let u(y) = 7*y + 3. Let r be u(-7). Let f = b - r. What is the units digit of f?
5
Suppose 5*w - 137*o + 134*o = 100060, 3*o + 40024 = 2*w. What is the tens digit of w?
1
Suppose 0 = -6*y - 2*y + 21200. Suppose -4*l - y = -14*l. What is the hundreds digit of l?
2
Let r(b) = -b**3 - 18*b**2 - 5*b - 5. Let v be r(-18). Let y be ((-102)/v)/((-4)/10). Let u = y - -12. What is the units digit of u?
5
Let u(g) = -g**3 - 2778*g**2 + 1 - 2*g + 2767*g**2 + 16. Let c be u(-13). Suppose -1464 = -9*p + c. What is the hundreds digit of p?
2
Suppose 8*b = -4894 + 21446. Suppose -3*c = -5*s - 617 + b, c = -s + 284. What is the units digit of s?
8
Let q be (-830)/(-90) + (-2)/9. Suppose -q*i + 2660 = -5989. What is the tens digit of i?
6
What is the units digit of ((-140)/126 - (-1430096)/(-36))/((-2)/3)?
9
Suppose 2*a - r = 8038, a - 4019 = 433*r - 435*r. What is the tens digit of a?
1
Let d be ((-1)/2)/(-1) + (-1925)/10. Let o = d - -524. What is the units digit of o?
2
Let i(h) = h. Let o(j) = 44*j + 40. Let z(l) = 6*i(l) - o(l). Let p be z(-24). Suppose -5*v - 267 = -p. What is the tens digit of v?
2
Let r = 76 + -77. Let n(b) = 5*b**2 - 5*b - 6. Let c be n(r). Let x(h) = 21*h + 17. What is the hundreds digit of x(c)?
1
Let t(g) = 27*g**2 - 66*g + 655. What is the tens digit of t(12)?
5
Let g(f) = -5*f**2 + 4*f + 42. Let v(p) = -p**2 - 2*p + 1. Let w(b) = -g(b) - v(b). What is the units digit of w(8)?
5
Suppose 0 = 5*b + 25, 173386 = 4*w - b + 54953. What is the units digit of w?
7
Let d = -1749 + 9679. Suppose 0 = -435*f + 445*f - d. What is the hundreds digit of f?
7
Let o be -4 + 3/1 + 462 + 12. Suppose 5*b - 28*t + 26*t = 2388, -b + 5*t + o = 0. What is the tens digit of b?
7
Let v(u) = u**3 + 49*u**2 + 23*u - 447. What is the tens digit of v(-46)?
4
Suppose 0 = -3*u - 24*v + 26*v + 112226, -3*u - v + 112241 = 0. What is the units digit of u?
2
Let c(a) = a**3 - 13*a**2 + 2*a - 6. Let v be c(13). Suppose -8*s + v = -36. Suppose -s*b = -540 - 230. What is the units digit of b?
0
Let g = -57 - -34. Let h = -20 - g. Suppose -10 = 5*a - h*a, a = k - 87. What is the tens digit of k?
8
Suppose 11*m + 5*w = 12*m - 9052, -4*m = -w - 36265. What is the units digit of m?
7
Let a = -77636 - -150005. What is the ten thousands digit of a?
7
Suppose 0 = -4*u - 6*h + 93812, -2*h = -2*u + 45352 + 1594. What is the thousands digit of u?
3
Let y(s) = 14*s**3 - 252*s**2 - 28*s + 96. What is the units digit of y(25)?
6
Let r(m) = 2*m**3 - 9*m**2 + 8*m - 4. Let k be r(8). Suppose -4*z = 4*t - k, -2*z - z = -4*t - 395. What is the tens digit of z?
2
Let z = 6660 - 4640. Suppose -14*l = -18*l + z. What is the tens digit of l?
0
Let z(w) = 4*w**2 + 48*w - 99. What is the tens digit of z(31)?
3
Suppose 9*r - 13961 - 22984 = 0. What is the units digit of r?
5
Let w(y) = 2*y**2 + 20*y + 12. Let p be w(-10). Let n be (-2)/((-42)/20 + 2). What is the units digit of (32/n)/(p/90)?
2
Let j be (10 - 57/6)*(2 - 0). What is the tens digit of 12 - 13 - (-230)/j*4?
1
Suppose -45 = 2*b - 61. Suppose -o - 3*d + 6 + b = 0, o - 18 = -4*d. Suppose 4*a - 102 - o = 0. What is the tens digit of a?
2
Let a = -802 - -1145. Suppose 19*u + a = 3611. What is the tens digit of u?
7
Let r = 681 - 1210. Let m = -291 - r. Let q = m - 75. What is the tens digit of q?
6
Suppose 0 = -2*f + 3*m + 12794, 4*m + 6392 = 2*f - f. Suppose -x + 9*x = f. Let c = x - 568. What is the units digit of c?
2
Let u(h) be the first derivative of -2*h**3 + 3*h**3 + h**2 + 30 + 7*h**2 - 5 + 8*h. What is the tens digit of u(-7)?
4
Let v(l) be the first derivative of -l**3/3 + 29*l**2/2 + 12*l + 5. Let d(f) = f**2 - 31*f + 14. Let y be d(0). What is the tens digit of v(y)?
2
Suppose 41474 = a - 4*m, -3*a - 4*m + 124400 = -5*m. What is the units digit of a?
6
Let r = 33858 - -16154. What is the thousands digit of r?
0
Let k(a) = 211334 + 294*a**2 + 436*a**2 - 211347 - 13*a. What is the units digit of k(-1)?
0
Let k = 42 - 27. Suppose k + 5 = 4*d. What is the tens digit of 57/1 - d/(15/(-9))?
6
Suppose -5*v = -8*u - 38320, 2*v + 4*u + 7664 = 3*v. What is the hundreds digit of v?
6
Let w = -25244 - -27112. What is the thousands digit of w?
1
Suppose 0 = -29*c + 24*c - 3*n + 144238, -5*c + 2*n + 144258 = 0. What is the ten thousands digit of c?
2
Let k(z) = -z + 4. Let p be k(-1). Suppose 8 + 2 = p*d. Suppose v + x + d*x = 32, 2*x = 2. What is the tens digit of v?
2
Let c(w) = -w**3 + 12*w**2 - 2*w + 26. Let o be c(12). Suppose 0 = o*r - 11 - 3. What is the units digit of r?
7
Let x(v) = 8648*v**2 + v + 2. What is the thousands digit of x(-1)?
8
Suppose 24756 = 5*r - 5*z + 4901, 2*r - 7930 = 5*z. What is the tens digit of r?
7
Suppose 2305 = 2*v - 0*a + 5*a, 5*v + a = 5751. Suppose 0 = 10*n - 5*n - v. Suppose 2*o - 470 = -4*q, 4*q - 219 - n = 5*o. What is the tens digit of q?
1
Let f be -33*(-1788)/(-234) - 2/(-13). Let l = f - -380. What is the units digit of l?
8
What is the hundreds digit of (-5 - (-96)/20) + (-519660)/(-50)?
3
Let w(n) = -n**3 - 6*n**2 + n + 12. Let k be w(-3). What is the hundreds digit of -3 - (k/117 + 33796/(-26))?
2
Let p = 9483 - -2697.